the greatest common divisor of 1905 and 120.
15
What is the highest common factor of 18 and 1239?
3
What is the greatest common factor of 69 and 276?
69
Calculate the greatest common factor of 64 and 560.
16
Calculate the greatest common divisor of 35 and 1239.
7
Calculate the greatest common factor of 1908 and 848.
212
Calculate the highest common factor of 198 and 264.
66
What is the highest common factor of 3699 and 54?
27
What is the highest common divisor of 22 and 22?
22
Calculate the greatest common divisor of 128 and 1088.
64
Calculate the greatest common divisor of 7314 and 414.
138
What is the highest common divisor of 2 and 2?
2
What is the highest common factor of 1524 and 24?
12
What is the greatest common divisor of 285 and 1197?
57
Calculate the greatest common factor of 11347 and 7.
7
What is the highest common factor of 27 and 621?
27
Calculate the greatest common divisor of 1695 and 360.
15
What is the greatest common divisor of 138851 and 23?
23
What is the greatest common factor of 110 and 170?
10
What is the highest common divisor of 128 and 416?
32
What is the highest common divisor of 2059 and 142?
71
What is the highest common divisor of 183 and 671?
61
Calculate the greatest common divisor of 4 and 428.
4
Calculate the highest common divisor of 42250 and 250.
250
Calculate the greatest common divisor of 1070 and 10.
10
Calculate the highest common factor of 1 and 33.
1
Calculate the highest common divisor of 28 and 896.
28
What is the greatest common divisor of 56 and 1904?
56
Calculate the highest common factor of 684 and 396.
36
Calculate the highest common divisor of 489 and 28851.
489
What is the highest common factor of 79 and 1?
1
Calculate the greatest common divisor of 10 and 95.
5
Calculate the greatest common factor of 141 and 17625.
141
Calculate the greatest common divisor of 8 and 22888.
8
What is the highest common divisor of 87 and 58?
29
Calculate the greatest common factor of 27540 and 180.
180
What is the highest common divisor of 54 and 4?
2
What is the greatest common divisor of 14 and 4?
2
Calculate the greatest common divisor of 318 and 174.
6
Calculate the greatest common divisor of 30 and 114.
6
Calculate the greatest common divisor of 4 and 12.
4
Calculate the highest common divisor of 517 and 88.
11
What is the highest common factor of 1 and 48?
1
Calculate the greatest common factor of 2550 and 100.
50
Calculate the greatest common factor of 1313 and 101.
101
What is the highest common factor of 483 and 441?
21
What is the greatest common divisor of 33 and 102?
3
Calculate the highest common factor of 44 and 297.
11
Calculate the greatest common divisor of 248 and 217.
31
Calculate the highest common factor of 110 and 32945.
55
What is the highest common divisor of 32 and 352?
32
What is the highest common divisor of 7 and 364?
7
Calculate the highest common factor of 138 and 874.
46
Calculate the greatest common factor of 144 and 348.
12
What is the highest common factor of 848 and 53?
53
Calculate the greatest common divisor of 120123 and 81.
81
What is the highest common factor of 16 and 972?
4
What is the highest common factor of 18 and 2061?
9
What is the greatest common factor of 1921 and 452?
113
What is the highest common divisor of 2892 and 12?
12
What is the highest common factor of 66 and 99?
33
Calculate the greatest common factor of 513 and 57.
57
Calculate the highest common factor of 850 and 150.
50
What is the greatest common factor of 161 and 112?
7
What is the highest common divisor of 30 and 2715?
15
What is the greatest common factor of 40 and 2560?
40
What is the highest common factor of 28 and 70?
14
Calculate the highest common factor of 147 and 21.
21
What is the greatest common divisor of 42 and 609?
21
Calculate the greatest common factor of 5239 and 31.
31
Calculate the highest common factor of 4 and 23.
1
What is the highest common factor of 36 and 708?
12
What is the greatest common divisor of 5 and 145?
5
What is the highest common divisor of 1397 and 889?
127
What is the highest common factor of 81 and 198?
9
Calculate the highest common factor of 63 and 27.
9
What is the greatest common divisor of 4180 and 950?
190
Calculate the highest common factor of 627 and 44.
11
What is the highest common divisor of 3515 and 148?
37
What is the greatest common factor of 75 and 45?
15
Calculate the greatest common divisor of 14 and 259.
7
What is the greatest common divisor of 32 and 12?
4
What is the greatest common factor of 76 and 418?
38
What is the greatest common factor of 26 and 33566?
26
What is the highest common factor of 57 and 3?
3
What is the greatest common factor of 2394 and 63?
63
Calculate the greatest common divisor of 3987 and 18.
9
What is the greatest common factor of 30 and 2420?
10
What is the highest common factor of 160 and 15?
5
Calculate the highest common divisor of 24 and 72.
24
What is the highest common divisor of 36 and 828?
36
What is the greatest common factor of 27 and 1161?
27
Calculate the highest common factor of 154 and 7.
7
Calculate the highest common divisor of 70 and 525.
35
What is the greatest common divisor of 246 and 328?
82
What is the greatest common divisor of 25 and 1?
1
What is the greatest common factor of 76 and 228?
76
What is the greatest common divisor of 189 and 1026?
27
Calculate the greatest common divisor of 368 and 1426.
46
Calculate the greatest common factor of 1455 and 45.
15
Calculate the highest common factor of 1652 and 84.
28
Calculate the greatest common divisor of 3320 and 50.
10
Calculate the greatest common factor of 10395 and 27.
27
Calculate the highest common factor of 192 and 36.
12
What is the greatest common divisor of 147 and 3?
3
Calculate the highest common divisor of 36 and 99.
9
What is the greatest common factor of 20 and 5660?
20
What is the greatest common factor of 247 and 52?
13
Calculate the highest common divisor of 1040 and 2160.
80
What is the greatest common divisor of 315 and 504?
63
Calculate the greatest common divisor of 128 and 56.
8
What is the greatest common divisor of 39962 and 116?
58
What is the greatest common factor of 237 and 79?
79
What is the highest common divisor of 5194 and 441?
49
What is the highest common divisor of 35 and 7?
7
What is the highest common factor of 4272 and 144?
48
Calculate the highest common divisor of 882 and 70.
14
Calculate the highest common factor of 468 and 108.
36
What is the greatest common divisor of 30 and 120?
30
What is the highest common factor of 9 and 144?
9
What is the greatest common divisor of 174 and 290?
58
What is the greatest common factor of 55 and 25?
5
What is the highest common factor of 128 and 2512?
16
Calculate the highest common divisor of 64 and 736.
32
Calculate the greatest common divisor of 20 and 3065.
5
Calculate the greatest common divisor of 27 and 324.
27
Calculate the greatest common factor of 30 and 10.
10
What is the highest common factor of 363 and 627?
33
Calculate the highest common factor of 140 and 252.
28
What is the highest common factor of 10 and 76?
2
Calculate the greatest common factor of 40 and 160.
40
Calculate the greatest common factor of 35 and 20.
5
Calculate the highest common divisor of 9738 and 18.
18
Calculate the greatest common factor of 27235 and 13.
13
Calculate the greatest common factor of 315 and 252.
63
Calculate the highest common divisor of 135 and 30.
15
What is the highest common factor of 957 and 33?
33
Calculate the greatest common divisor of 7 and 203.
7
What is the greatest common factor of 6 and 3?
3
Calculate the highest common divisor of 40 and 24.
8
What is the highest common factor of 184 and 138?
46
What is the highest common factor of 1054 and 124?
62
Calculate the highest common factor of 273 and 77.
7
What is the highest common factor of 24 and 7260?
12
What is the highest common factor of 51 and 6?
3
Calculate the highest common divisor of 40 and 85.
5
Calculate the highest common factor of 182 and 208.
26
Calculate the greatest common factor of 544 and 340.
68
What is the highest common factor of 88 and 649?
11
What is the greatest common divisor of 1444 and 1140?
76
Calculate the greatest common factor of 28 and 13.
1
Calculate the greatest common